33)
-9
What is (-3 + 11 - (5 + (2 - -4))) + 26?
23
Evaluate (29939 - 29945) + (0 + 1 + 0 - -14) - -18.
27
(-36 - -106) + -130 + 86
26
Calculate (0 - 43) + 8121 + -8065.
13
Evaluate (-13 - (7 + -11)) + -29 + 2.
-36
Calculate 15 - (-18 + -41) - (-17 + 18 + (1 - 0)).
72
What is -2 + -31 - (-71 + (-10 - -88))?
-40
Evaluate 3 + (-26 - 3) + 1 + (-38 - -38).
-25
What is the value of -8 - (-1 + 5 - (-14 - (-18 - -6)))?
-14
What is -17 + (8 - -11) - (8 - (98 + (-2 - -4)))?
94
What is the value of 10 + -1 - ((2 - (30 + -89)) + 14)?
-66
What is the value of (641 + -650 - (0 - 5)) + (-1 - -2 - 10)?
-13
What is the value of (0 - -12) + (-77 - -80) - (112 + 2) - -13?
-86
What is the value of 106 + (-16 - 2) + (50 + -10 - 0)?
128
What is the value of -53 + (17 - 31 - -49)?
-18
(37 - 0) + (17040 - 17055)
22
What is the value of -12 - (20 + 20 + -11)?
-41
What is (0 - (-1 - 1)) + -9 - (-100 - -239 - 109)?
-37
Evaluate 39 + (-90 - -6) + 24 + 18.
-3
What is -119 + (70 - -23) + 54?
28
26 - (44 + 16 - 23)
-11
What is 123 - (62 + -7 + 14)?
54
Evaluate 13 + (109 - 81 - -42).
83
What is -28 + -44 + 46 + 29?
3
Calculate -6 + -3 + 2 + (244 - 194).
43
Evaluate (-10 - -2 - 3 - (-55 + 46)) + -25.
-27
What is -162 - (-168 + 128) - -269?
147
What is the value of (-7 - -1) + -14 + -1 + (74 - 9) - -5?
49
-8 - (-8 - -11) - (-68 + 6 + -3)
54
Evaluate -16 - -29 - (17 + -15) - -6.
17
Evaluate (-5 - -2) + 0 + -5 + (4 - (-5 - -47)).
-46
Calculate (22 + -30 - (5 - (4 + 19 + -1))) + 24.
33
Calculate -103 + (71 - -41) + (2 - -26).
37
What is 54 - (-5 - (-10 + 14 + -19))?
44
Calculate 56 + (32 + -73 - -46).
61
(-43 - 7) + 7 - (24 + -3)
-64
What is (-2 - (6 + 6)) + (7 + 5 - 5)?
-7
What is -14 - (-7 + 24 + -62 + -3 + 31)?
3
4 + -7 + -2733 + 2808
72
Evaluate -19 + -28 + -20 + 30.
-37
What is -16 + (54 - -1 - (-929 + 955))?
13
-13 + 1 + 0 - (52339 - 52256)
-95
What is the value of 7 + 10 + -23 + (-22 + 8 - 5)?
-25
What is the value of 4 + (0 - (-2 - (0 - 13)))?
-7
What is 67 + 74 + -24 + -100?
17
Calculate -16 - (27 + -23 + -4 + 27).
-43
Calculate (29 - 40) + -8 + -6 + 9 + -2 + 123.
105
What is the value of -14 - -4 - 2 - (3 + 12 + -16 + -107)?
96
Calculate (-8 - (0 + -4 + 6)) + (46 - 85 - 10).
-59
Evaluate -4 - ((-71 - -83) + -8 + 0 - (-14 + 17)).
-5
12 - ((4 - -6 - 1 - 8) + 75)
-64
30 + (28 - 8 - 122)
-72
What is the value of -241 + 189 - (-1 - 30)?
-21
(33 + -40 - -28) + -36 + 19
4
Calculate 55 + 9 + (-17 - (-18 - 10)).
75
Calculate 481 + -503 + (-2 - -2 - (-2 - 2)).
-18
What is the value of -584 - -373 - (-98 - 16)?
-97
Evaluate -26 - (-117 - -111 - 150).
130
What is the value of -79 - ((-119 - -127 - (21 + (-1 - 1))) + 1)?
-69
Calculate -42 - (0 - (66 - -6)).
30
Calculate (3 - (-3 - 1)) + -29 + (-54 - -83).
7
Evaluate (-12 - (-17 + (-11 - -19) + 4)) + -14.
-21
Evaluate (-55 - 58 - 10) + 75.
-48
Calculate 89 + (5 - ((-28 - -22) + 20 + -1 - 13)).
94
What is (-3 + 1 - 75) + (191 - (-37 - -228))?
-77
What is the value of -5 + (-2 - 1 - -19 - -12 - 12)?
11
Calculate -3 + -16 - -3 - (-34 - ((14 - 2) + 15)).
45
What is the value of 1214 - 1110 - (9 - -8)?
87
What is -40 + 59 - -5 - 26?
-2
Calculate 12 + -6 - -24 - 18 - -23.
35
-4 + (-5 - (8 + 13 + 0))
-30
Evaluate -4 + 2 - (4 + 7) - (-80 - (-77 + 2)).
-8
(0 - -5) + -4 + (-20 - -16) + 35
32
What is -11 - (-32 + 29 + -33)?
25
What is the value of (-6 - -2) + -83 + 80 + 51?
44
What is the value of (1 - 10) + (-13 - -27) + 66 - (-7 + -2)?
80
Calculate -3 + 4 + -12 + (5 - 26 - -27) + -3.
-8
Evaluate -49 - (-35 + (17 - (-19 - -6))).
-44
What is the value of -149 + 116 + (11 - 102) + -15?
-139
What is the value of -7 + ((1 - 8) + (5 - (24 - -24)) - 6)?
-63
Calculate -33 + -36 + (17 - (8 - -1)) - 17.
-78
Evaluate 4 - (5 - -1) - -10 - (-115 + -26 + 32).
117
-96 - (-117 + 44) - (25 - 2)
-46
Evaluate -8 + -6 + (-13 - -1 - 93) - -12.
-107
What is -24 - (-45 + -32) - 51?
2
What is -34 + (-1 - (-8 - -14)) - -25?
-16
-1 + 39 + (12573 - 12548)
63
447 + -563 + 7 + 2 + (2 - 11) + 1
-115
What is the value of -20 + (6 - ((3 - -20) + -2 + -5))?
-30
Calculate 19 + -65 + 5 + -23 + 19.
-45
Calculate 1 + 3 + 47 + -3 + -16 + 34.
66
3468 - 3469 - (3 + 1 + 0) - -22
17
What is (-3 - 0 - -56) + (77 - 75) + 6 + 1?
62
What is (-22 - -20) + 60 - (5 - (10 - 0 - -5))?
68
-12 + 9 + -13 + -3 + -8 + (7 - -2)
-18
What is the value of -29 + (49 - -1) - -10?
31
What is the value of -11 + -20 + (6 - -33) + -43?
-35
-75 + 3 + -15 + 52 + -21
-56
What is the value of 11 - (-117 + (84 - (9 - -59)) + -17 + 1)?
128
(8 - (8 + -5)) + (-1 - -3) + -10
-3
What is 36 + (3 + -65 - -41) + 1 + -125?
-109
What is -11 + 29 + (25 - 38) + 5?
10
What is (24 - (57 + -39)) + (-1 - (4 + -31))?
32
Calculate 42 - (-22 - (-17 - 17)).
30
-157 - -8 - (-1377 - -1331)
-103
What is the value of -32 + 22 + -6 + -56 + 51?
-21
-5 + (15 - 3) + -2 + 0 + 19
24
What is 1 + -14 - (10621 - 10528)?
-106
Calculate -2 - ((4 - (-6 - -4 - 4)) + -50 + 31).
7
Calculate -37 - (-99 + 46 - -51).
-35
1 - -4 - (1 - 0) - (-5 + 10 - 3)
2
What is 12 + (3 + 1 - (-6 + -13 + 26 + 33))?
-24
(11 - -24) + -33 + -6 - -67
63
What is the value of (144 + 19 - -6) + -31 + -27?
111
What is the value of -51 + 18 + 8 + -40?
-65
What is 10 - -1 - ((12 - -7 - 8) + -29 + 18)?
11
What is 13 - (-10 - (-29 + 36 - -6))?
36
Evaluate 11 + 53 + (-74 - -4).
-6
Calculate -33 - (23 - (-41 + 108)).
11
Evaluate -30 + (-17 - (-1 - -3)) + 4 - 14.
-59
102 + -124 + -58 + 99
19
What is the value of -16 + 98 + 40 + -91?
31
Evaluate 27 + -77 + 0 + -4 + -18.
-72
What is 22 - (-2 + -20 + 10 + 14 + -8 - -8)?
20
Calculate (-85 - (-174 + 103)) + 1 + 96 - (-1 - 4).
88
Calculate (9 + -9 - 11) + (-32 - (9 - (-14 - -12))).
-54
Evaluate -42 + -7 + 49 + -12.
-12
Calculate -9941 + 9951 + (-38 - (0 + -2)).
-26
0 - -79 - (5814 - 5673)
-62
What is -15 - (20 + 3 - 20)?
-18
What is 35 + 8 - (-1 - 0 - (-262 - -268))?
50
-112 + 20 - (114 - 112)
-94
Calculate (-31 + -123 - -66) + 65.
-23
What is 59 - (-33 - (-12 - -11 - 69))?
22
Evaluate 4 + (-121 - -2) - (27 - (113 + -74)).
-103
What is the value of 3 - -2 - (-4 + 2) - (-5241 + 5172)?
76
Calculate -22 - (-24 + (44 - -8)) - -45.
-5
What is -35 + 47 - 12 - 14?
-14
What is the value of -65 + (-59 - 1) + 127?
2
(11 - (45 - 68)) + (5 - 23)
16
Evaluate (-12 - (-7 - -26)) + 87.
56
Evaluate 15 - ((-7 - 4) + 9 + 9 + 14).
-6
Evaluate -20 + (-76 - -47) - -37.
-12
Calculate 12 - (-4 + 16) - ((-10 - -1) + 1).
8
Calculate -12 + (1 - (9 - (-32 + -60))).
-112
Evaluate -7 - 3 - (2 + -16 + 32 + 1 + -9).
-20
(950 - 928) + (72 - -2)
96
What is 2 - (9 + -25 + 7) - (84 - 112)?
39
What is -26 + -9 + -5 + -1 + 8 + 1?
-32
What is the value of (3 - (2 - 1 - 60)) + (-37 - -12) + 15?
52
-32 + (21 - (8 + 0)) + -3 + -29
-51
-2 + (-3 - -10) + (9 - (-4 + -2 - 0))
20
What is the value of (-235 + 177 + -92 - (0 - -1 - 7)) + -1?
-145
Evaluate (3 - -21) + (-48 - -151 - 167).
-40
What is the value of -47 - (-5 + 1 - (86 + -80)) - 9?
-46
What is the value of -78 - ((1 - (0 - -20)) + 29 - 10)?
-78
Calculate (-43 - -19) + 11 + (20 - 1) + (12 - 92).
-74
Calculate (-1 - 6) + (2940 - 2911).
22
Evaluate -40 + -14 + 6 + 15 + 46.
13
-56 + 34 - (1 - 30)
7
What is the value of 7 + 3 + -10 + (55 + -24 - 11)?
20
Evaluate -28 + (-7 - (24 + -22)) + 15.
-22
-40 - ((-46 - -28) + 0)
-22
What is -34 - (-5 - 1 - ((23 - 5) + -30))?
-40
(8 - (14 - -1)) + 74 - 11 - (0 - 8)
64
Evaluate (334 - 333) + (29 - 1).
29
What is the value of -2 + (10 - (-16 + 34 + -3)) - (88 + -2)?
-93
What is the value of 129 - (-17 + -5) - (1 + 30)?
120
-31 - 3 - (-892 - -880)
-22
Calculate (399 + -410 - (4 - (-88 - -1))) + -6.
-108
What is the value of (-10 + (8 - -3) + -12 - (-50 - -10)) + 12?
41
What is the value of 9 + -1 + (-19 - -8 - -9) + -94 + -1?
-89
What is the value of 27 + (21 - (17 - -34)) + (-1 - -42)?
38
Evaluate 34 - 1 - (-2 - ((45 - 25) + -17)).
38
Evaluate (8 - (-58 + 9)) + -49.
8
What is 93 + -97 + (-10 - -6 - -17)?
9
What is -34 + 143 + -104 + -78 + -5?
-78
Calculate 3 + -14 + (789 - 792).
-14
What is the value of -1 + 29 + (3 + 21 - 36) - 13?
3
46 - (110 - (28 - 2))
-38
What is the value of (0 - -8) + -28 + 9 + -26 + -8?
-45
Calculate (1 - 35) + 51 + -18.
-1
What is 101 + (102 - (99 - -78))?
26
14 + 5 + -4 - (-359 + 344)
30
Calculate -47 + (20 - (0 - (-13 - (12 - 13)))).
-39
-23 - (43 + (24 - 63))
